3467 a prime number?
False
Is 178861343 prime?
True
Is 306845209 composite?
True
Is 4946579 composite?
True
Is 6527957 composite?
True
Is 5410813 prime?
True
Is 64887023 a composite number?
False
Is 70181905 a composite number?
True
Is 1279351 prime?
False
Is 3759479 prime?
True
Is 459366853 a prime number?
False
Is 15123569 composite?
True
Is 7085371 composite?
False
Is 206081147 a prime number?
True
Is 3124811 composite?
False
Is 6775169 composite?
False
Is 15312503 a composite number?
True
Is 7174327 a prime number?
False
Is 149035773 a prime number?
False
Is 576855481 a prime number?
True
Is 20941982 a composite number?
True
Is 93455 prime?
False
Is 10570009 composite?
False
Is 737623 prime?
False
Is 64032935 composite?
True
Is 445169 a prime number?
True
Is 39575227 composite?
True
Is 11757181 composite?
True
Is 37654529 a prime number?
False
Is 89134883 composite?
True
Is 4386947 a composite number?
False
Is 284458441 a prime number?
False
Is 182066707 a composite number?
False
Is 2167967 prime?
False
Is 2173811 prime?
False
Is 472037 prime?
False
Is 559067 prime?
True
Is 14296927 a composite number?
True
Is 27686479 a composite number?
True
Is 11246654 prime?
False
Is 1875851 composite?
True
Is 905405 composite?
True
Is 116236919 composite?
False
Is 41405038 a composite number?
True
Is 18192389 composite?
False
Is 26599591 a composite number?
True
Is 2041333 a composite number?
True
Is 63439027 a composite number?
False
Is 6342799 prime?
False
Is 1948649 prime?
True
Is 1116503 a prime number?
False
Is 149525021 a prime number?
False
Is 264197 composite?
True
Is 32171561 a prime number?
True
Is 13965937 a composite number?
False
Is 54869449 prime?
False
Is 1204363 a composite number?
False
Is 19768771 a prime number?
False
Is 33251791 a prime number?
False
Is 1755289 a prime number?
False
Is 223905497 prime?
True
Is 111449 prime?
False
Is 1171109 composite?
False
Is 175061 a prime number?
True
Is 5597797 prime?
True
Is 28861663 composite?
True
Is 191901467 composite?
True
Is 394661999 a prime number?
True
Is 972052117 a prime number?
True
Is 16111343 composite?
False
Is 25285061 a composite number?
False
Is 137869603 a prime number?
False
Is 585839 a composite number?
False
Is 341681 a prime number?
True
Is 54229139 composite?
False
Is 8222047 a prime number?
True
Is 62107895 composite?
True
Is 2305937 prime?
False
Is 1782031 composite?
True
Is 6329077 prime?
True
Is 2184761 prime?
True
Is 28938289 a prime number?
False
Is 1024343 a composite number?
True
Is 4464331 composite?
False
Is 3785569 a composite number?
False
Is 53068571 prime?
True
Is 182751179 prime?
False
Is 2095253 prime?
True
Is 30775391 a prime number?
False
Is 1548083 composite?
False
Is 2778739 a composite number?
False
Is 570971 prime?
False
Is 1155335 a composite number?
True
Is 24795101 a prime number?
False
Is 19987391 a prime number?
False
Is 10556239 a prime number?
True
Is 239177839 prime?
True
Is 52606237 prime?
False
Is 78888759 composite?
True
Is 38182267 a prime number?
False
Is 5700833 a prime number?
True
Is 73729847 composite?
True
Is 25471337 composite?
False
Is 34019897 composite?
False
Is 35491031 a composite number?
True
Is 4208917 composite?
True
Is 20388283 composite?
False
Is 9183769 a prime number?
False
Is 29605123 a composite number?
False
Is 2331685051 prime?
True
Is 205017721 a prime number?
True
Is 77756359 a prime number?
True
Is 85991 a composite number?
False
Is 36322903 a prime number?
False
Is 990359777 composite?
True
Is 124248227 prime?
True
Is 2722901 composite?
True
Is 83641351 a prime number?
True
Is 108787337 a composite number?
False
Is 116069663 a prime number?
True
Is 1096763 a prime number?
True
Is 3661093 a prime number?
True
Is 9831757 prime?
False
Is 25361927 composite?
False
Is 85609774 a composite number?
True
Is 12850979 a prime number?
True
Is 124269109 a composite number?
False
Is 1943459 a composite number?
True
Is 6791023 a composite number?
True
Is 1333883 prime?
True
Is 1603489 a composite number?
False
Is 19189129 a prime number?
False
Is 227458289 a composite number?
False
Is 66139993 prime?
True
Is 38476969 prime?
True
Is 68447003 a prime number?
False
Is 88028497 prime?
False
Is 17943941 a composite number?
False
Is 29067661 prime?
False
Is 13387709 a prime number?
False
Is 4502587 prime?
False
Is 1805701 prime?
True
Is 301577 prime?
True
Is 8229367 a composite number?
True
Is 950483 composite?
False
Is 3552827 a composite number?
True
Is 113039573 a prime number?
False
Is 6123613 a prime number?
True
Is 7752103 composite?
False
Is 1123369 prime?
False
Is 674507 a composite number?
True
Is 343083161 a composite number?
False
Is 864749 a composite number?
True
Is 2666453 prime?
True
Is 77264479 a prime number?
True
Is 5717207 prime?
True
Is 564884797 a composite number?
True
Is 16515721 a composite number?
True
Is 920801 a prime number?
False
Is 846113 prime?
True
Is 150668543 composite?
True
Is 1118893 composite?
False
Is 1412839 a prime number?
False
Is 1703767 a composite number?
True
Is 45814537 a composite number?
False
Is 265463333 composite?
True
Is 3313043 a prime number?
True
Is 133631783 a prime number?
False
Is 441675631 a prime number?
False
Is 2712317 composite?
False
Is 227375651 composite?
False
Is 299800167 a composite number?
True
Is 14893331 prime?
True
Is 233382677 prime?
False
Is 67048819 composite?
False
Is 29875061 prime?
False
Is 41039221 composite?
True
Is 11815751 a composite number?
True
Is 4285273 a composite number?
True
Is 5717987 a prime number?
False
Is 5301383 a composite number?
False
Is 2677651 a prime number?
False
Is 4348381 a composite number?
True
Is 158734 composite?
True
Is 5645023 a prime number?
False
Is 5509397 prime?
False
Is 10401799 a prime number?
True
Is 67916561 a prime number?
True
Is 1024503 a composite number?
True
Is 14719409 a prime number?
False
Is 246073 prime?
True
Is 11458417 a prime number?
True
Is 899236967 prime?
False
Is 74127415 composite?
True
Is 19811161 a prime number?
True
Is 389022539 composite?
False
Is 63219759 a prime number?
False
Is 6623159 composite?
False
Is 103713341 a prime number?
True
Is 22239957 a prime number?
False
Is 2731261 a prime number?
False
Is 69256553 composite?
True
Is 3964307 prime?
True
Is 35326649 a composite number?
True
Is 449861 a prime number?
False
Is 3763523 a composite number?
False
Is 108932611 a composite number?
False
Is 6003719 a prime number?
True
Is 30927667 prime?
False
Is 28386727 a composite number?
False
Is 11737699 prime?
True
Is 6763049 composite?
False
Is 447251921 a composite number?
False
Is 51950023 prime?
True
Is 2661429 a prime number?
False
Is 213117731 composite?
True
Is 2716405 a prime number?
False
Is 918079 composite?
False
Is 67631027 prime?
True
Is 55580887 composite?
False
Is 662551 prime?
True
Is 4557461 a prime number?
True
Is 17797321 prime?
False
Is 1777674647 a prime number?
False
Is 5634719 a prime number?
True
Is 4226303 prime?
False
Is 37704419 composite?
True
Is 1130117 prime?
True
Is 720159805 a prime number?
False
Is 2201897 a composite number?
False
Is 121898407 composite?
False
Is 118795333 a composite number?
False
Is 977239 a prime number?
True
Is 71749987 a composite number?
False
Is 1783459 prime?
False
Is 13929763 composite?
True
Is 6148123 a composite number?
False
Is 80676103 composite?
False
Is 8223653 composite?
False
Is 49910977 composite?
True
Is 86391197 prime?
False
Is 76628213 prime?
True
Is 129417473 prime?
True
Is 45134461 a prime number?
True
Is 23682741 prime?
False
Is 100097 composite?
True
Is 942353 composite?
True
Is 7021789 composite?
False
Is 8132041 a prime number?
False
Is 3449783 a composite number?
False
Is 15917833 a prime number?
False
Is 13115735 prime?
False
Is 29074337 prime?
False
Is 892691 composite?
True
Is 5007373 a composite number?
True
Is 1241167 a prime number?
False
Is 9778879 composite?
True
Is 123751363 a prime number?
True
Is 474087 composite?
True
Is 236482777 a composite number?
False
Is 4495287 composite?
True
Is 192435539 prime?
True
Is 131920483 a composite number?
True
Is 3490919 a composite number?
True
Is 19813769 prime?
True
Is 4061833 prime?
True
Is 265802521 a prime number?
False
Is 10403 a composite number?
True
Is 2